33984?
2, 503, 5651
List the prime factors of 11172139.
11, 73, 13913
What are the prime factors of 50789547?
3, 509, 11087
List the prime factors of 49653349.
49653349
List the prime factors of 446754760.
2, 5, 23, 485603
What are the prime factors of 894480762?
2, 3, 7, 21297161
What are the prime factors of 2229739833?
3, 67, 11093233
What are the prime factors of 1635263116?
2, 17, 59, 197, 2069
List the prime factors of 1739553833.
1739553833
List the prime factors of 117954321.
3, 4211, 9337
What are the prime factors of 4083897343?
89, 149, 223, 1381
What are the prime factors of 287748644?
2, 307, 234323
What are the prime factors of 328412?
2, 7, 37, 317
What are the prime factors of 955542823?
1231, 776233
List the prime factors of 886649403.
3, 1493, 197957
List the prime factors of 363388166.
2, 41, 4431563
List the prime factors of 35360071.
139, 254389
List the prime factors of 2680636071.
3, 19, 167, 281609
What are the prime factors of 6255787?
6255787
What are the prime factors of 4162892516?
2, 31237, 33317
What are the prime factors of 4229481941?
89, 47522269
List the prime factors of 283489159.
59, 81439
List the prime factors of 193921131.
3, 4483, 14419
What are the prime factors of 101900009?
677, 150517
List the prime factors of 404463861.
3, 617, 8093
What are the prime factors of 7703929096?
2, 313, 3076649
List the prime factors of 35140494.
2, 3, 5856749
What are the prime factors of 623489743?
523, 1192141
What are the prime factors of 7905637?
71, 111347
What are the prime factors of 325181622?
2, 3, 54196937
What are the prime factors of 775598758?
2, 11, 257, 137177
What are the prime factors of 1009054105?
5, 201810821
List the prime factors of 45696970.
2, 5, 11, 415427
List the prime factors of 74942088.
2, 3, 13, 401, 599
List the prime factors of 73876937.
31, 2383127
What are the prime factors of 122057436?
2, 3, 1987, 5119
What are the prime factors of 25209457?
7, 13, 139, 1993
List the prime factors of 3431921346.
2, 3, 7, 89, 102013
List the prime factors of 417908216.
2, 11, 4748957
What are the prime factors of 58838567?
41, 563, 2549
What are the prime factors of 14628469?
14628469
List the prime factors of 51815840.
2, 5, 61, 5309
List the prime factors of 70177445.
5, 13, 17, 41, 1549
What are the prime factors of 1145098672?
2, 181, 395407
List the prime factors of 1475770388.
2, 101, 3652897
What are the prime factors of 268405733?
37, 2557, 2837
List the prime factors of 176272608.
2, 3, 199, 9227
What are the prime factors of 585492550?
2, 5, 113, 173, 599
List the prime factors of 20359437.
3, 7, 969497
List the prime factors of 7251388119.
3, 43, 89, 210533
List the prime factors of 1022240370.
2, 3, 5, 34074679
List the prime factors of 88519050.
2, 3, 5, 196709
List the prime factors of 33549107.
2803, 11969
What are the prime factors of 54889996?
2, 7, 61, 4591
What are the prime factors of 619365186?
2, 3, 11, 3128107
What are the prime factors of 139142480?
2, 5, 587, 2963
List the prime factors of 46379229.
3, 13, 691, 1721
What are the prime factors of 838176678?
2, 3, 19, 2450809
What are the prime factors of 10779846?
2, 3, 7, 11, 23333
List the prime factors of 28560019.
28560019
List the prime factors of 475670112.
2, 3, 89, 55673
List the prime factors of 256827219.
3, 11, 29, 31, 787
List the prime factors of 356435339.
13, 419, 65437
List the prime factors of 97311912.
2, 3, 419, 9677
What are the prime factors of 707703494?
2, 353851747
List the prime factors of 154008398.
2, 77004199
What are the prime factors of 937047497?
17, 41, 1344401
List the prime factors of 23989716.
2, 3, 222127
What are the prime factors of 2897624427?
3, 53, 18224053
What are the prime factors of 6250421?
6250421
List the prime factors of 1342086.
2, 3, 223681
What are the prime factors of 119997090?
2, 3, 5, 43, 101, 307
What are the prime factors of 328311481?
293, 1120517
List the prime factors of 246826229.
13, 719, 26407
What are the prime factors of 88501863?
3, 137, 349, 617
List the prime factors of 409612190.
2, 5, 13, 109, 137, 211
List the prime factors of 115502648.
2, 59, 107, 2287
List the prime factors of 228460443.
3, 76153481
List the prime factors of 108817167.
3, 36272389
What are the prime factors of 1092936972?
2, 3, 91078081
List the prime factors of 161703023.
161703023
What are the prime factors of 24109402?
2, 47, 256483
List the prime factors of 36122511.
3, 197, 61121
What are the prime factors of 159478778?
2, 79739389
What are the prime factors of 4549257241?
4549257241
What are the prime factors of 4642284010?
2, 5, 7, 13, 17, 163, 263
List the prime factors of 196726103.
7, 28103729
What are the prime factors of 461141400?
2, 3, 5, 19, 2129
What are the prime factors of 417003802?
2, 208501901
What are the prime factors of 1096705177?
21433, 51169
List the prime factors of 1923023.
17, 31, 41, 89
List the prime factors of 1157565038.
2, 7, 79, 163, 6421
List the prime factors of 434522340.
2, 3, 5, 7, 139, 827
List the prime factors of 3183441275.
5, 7, 79, 409, 563
List the prime factors of 3309193031.
3309193031
List the prime factors of 166116646.
2, 131, 269, 2357
List the prime factors of 159000872.
2, 19875109
What are the prime factors of 4137396462?
2, 3, 31, 37, 67, 997
What are the prime factors of 3922385616?
2, 3, 27238789
What are the prime factors of 160992758?
2, 80496379
What are the prime factors of 324725569?
7, 23, 241, 8369
List the prime factors of 10198204.
2, 67, 38053
List the prime factors of 1626754719.
3, 839, 646307
List the prime factors of 60192847.
11, 13, 420929
What are the prime factors of 4324320432?
2, 3, 67, 49801
What are the prime factors of 4930909285?
5, 986181857
List the prime factors of 47828835.
3, 5, 127, 8369
What are the prime factors of 3810522372?
2, 3, 2909, 109159
What are the prime factors of 29342534?
2, 13, 677, 1667
List the prime factors of 309545726.
2, 7, 31, 713239
List the prime factors of 66847041.
3, 7427449
What are the prime factors of 1361339696?
2, 85083731
What are the prime factors of 689435659?
11, 62675969
List the prime factors of 243079338.
2, 3, 257, 157639
List the prime factors of 3135662783.
11, 285060253
List the prime factors of 278069191.
73, 3809167
List the prime factors of 1038537491.
53, 19595047
What are the prime factors of 71841051?
3, 47, 169837
What are the prime factors of 438307512?
2, 3, 31, 589123
List the prime factors of 48095431.
17, 2829143
What are the prime factors of 3528674430?
2, 3, 5, 41, 907, 3163
List the prime factors of 1363586368.
2, 113, 409, 461
List the prime factors of 326213078.
2, 331, 492769
List the prime factors of 598425804.
2, 3, 16622939
List the prime factors of 64163562.
2, 3, 59, 181253
What are the prime factors of 93952352?
2, 13, 449, 503
What are the prime factors of 5248690004?
2, 1312172501
List the prime factors of 154395514.
2, 7, 13, 61, 13907
List the prime factors of 308036626.
2, 19, 1069, 7583
What are the prime factors of 1674236540?
2, 5, 83711827
List the prime factors of 55780606.
2, 7, 59, 67531
List the prime factors of 2251661873.
97, 1427, 16267
What are the prime factors of 236158570?
2, 5, 331, 71347
List the prime factors of 344631347.
12037, 28631
List the prime factors of 977996641.
977996641
List the prime factors of 3035104934.
2, 1517552467
List the prime factors of 1079066797.
1079066797
What are the prime factors of 148841350?
2, 5, 7, 223, 1907
List the prime factors of 80076666.
2, 3, 2657, 5023
What are the prime factors of 5557463411?
401, 881, 15731
What are the prime factors of 47413614?
2, 3, 7902269
List the prime factors of 38700415.
5, 13, 17, 35023
List the prime factors of 4779731457.
3, 467, 379073
What are the prime factors of 6114297928?
2, 17, 2539, 17707
What are the prime factors of 7923442178?
2, 17, 23, 10132279
What are the prime factors of 330633474?
2, 3, 307, 179497
What are the prime factors of 2417070024?
2, 3, 67, 167017
List the prime factors of 2712146585.
5, 542429317
List the prime factors of 156167703.
3, 2399, 2411
List the prime factors of 61574790.
2, 3, 5, 2052493
What are the prime factors of 36128307?
3, 12042769
List the prime factors of 755224897.
7, 89, 173177
List the p